{"id":206,"date":"2025-08-04T22:15:07","date_gmt":"2025-08-04T14:15:07","guid":{"rendered":"http:\/\/web.tdli.sjtu.edu.cn\/anyuangao\/?page_id=206"},"modified":"2025-08-04T22:15:07","modified_gmt":"2025-08-04T14:15:07","slug":"publications","status":"publish","type":"page","link":"https:\/\/web.tdli.sjtu.edu.cn\/anyuangao\/publications\/","title":{"rendered":"Publications"},"content":{"rendered":"\n<h2 class=\"wp-block-heading\">See&nbsp;<a href=\"https:\/\/scholar.google.com\/citations?hl=en&amp;user=wsBf0mMAAAAJ&amp;view_op=list_works&amp;sortby=pubdate\">Google Scholar&nbsp;<\/a>for the full publication list.<\/h2>\n\n\n\n<h2 class=\"has-text-align-center wp-block-heading\"><strong><span style=\"color:#0d00ff\" class=\"has-inline-color\">2025<\/span><\/strong><\/h2>\n\n\n\n<ol class=\"wp-block-list\"><li>Anyuan Gao, Naoto Nagaosa, Ni Ni, Su-Yang Xu. \u201cQuantum Geometry Phenomena in Condensed Matter Systems\u201d. <a href=\"http:\/\/arxiv.org\/abs\/2508.00469\">http:\/\/arxiv.org\/abs\/2508.00469 (2025).<\/a><\/li><li>Albin Marffy, Endre Tovari, Yu-Fei Liu, Anyuan Gao, Tianye Huang, Laszlo Oroszlany, Kenji Watanabe, Takashi Taniguchi, Su-Yang Xu, Peter Makk, Szabolcs Csonka. \u201cPressure-tunable phase transitions in atomically thin Chern insulator MnBi2Te4\u201d. <a href=\"https:\/\/arxiv.org\/abs\/2507.17449\">https:\/\/arxiv.org\/abs\/2507.17449 (2025)<\/a><a href=\"https:\/\/www.nature.com\/articles\/s41928-024-01219-8\">.<\/a><\/li><li>Jian-Xiang Qiu, Barun Ghosh, Jan Sch\u00fctte-Engel, Tiema Qian, Michael Smith, Yueh-Ting Yao, Junyeong Ahn, Yu-Fei Liu, Anyuan Gao, Christian Tzschaschel, Houchen Li, Ioannis Petrides, Damien B\u00e9rub\u00e9, Thao Dinh, Tianye Huang, Olivia Liebman, Emily M. Been, Joanna M. Blawat, Kenji Watanabe, Takashi Taniguchi, Kin Chung Fong, Hsin Lin, Peter P. Orth, Prineha Narang, Claudia Felser, Tay-Rong Chang, Ross McDonald, Robert J. McQueeney, Arun Bansil, Ivar Martin, Ni Ni, Qiong Ma, David J. E. Marsh, Ashvin Vishwanath &amp; Su-Yang Xu*. \u201cObservation of the axion quasiparticle in 2D MnBi2Te4\u201d. <a href=\"https:\/\/www.nature.com\/articles\/s41586-025-08862-x\"><strong><em>Nature<\/em><\/strong> 641, 62-69 (2025).<\/a><\/li><\/ol>\n\n\n\n<h2 class=\"has-text-align-center wp-block-heading\"><strong><span style=\"color:#0d00ff\" class=\"has-inline-color\">2024<\/span><\/strong><\/h2>\n\n\n\n<ol class=\"wp-block-list\"><li><u><strong>Anyuan Gao<\/strong><\/u>, Shao-Wen Chen, Barun Ghosh, Jian-Xiang Qiu, Yu-Fei Liu, Yugo Onishi, Chaowei Hu, Tiema Qian, Damien B\u00e9rub\u00e9, Thao Dinh, Houchen Li, Christian Tzschaschel, Seunghyun Park, Tianye Huang, Shang-Wei Lien, Zhe Sun, Sheng-Chin Ho, Bahadur Singh, Kenji Watanabe, Takashi Taniguchi, David C Bell, Arun Bansil, Hsin Lin, Tay-Rong Chang, Amir Yacoby, Ni Ni, Liang Fu, Qiong Ma, Su-Yang Xu*, \u201cAn antiferromagnetic diode effect in even-layered MnBi2Te4\u201d. <a href=\"https:\/\/www.nature.com\/articles\/s41928-024-01219-8\"><em><strong>Nature Electronics<\/strong> <\/em>7, 751\u2013759 (2024).<\/a><\/li><li>Jian Tang, Thomas Siyuan Ding, Hongyu Chen, <u>Anyuan Gao<\/u>, Tiema Qian, Zumeng Huang, Zhe Sun, Xin Han, Alex Strasser, Jiangxu Li, Michael Geiwitz, Mohamed Shehabeldin, Vsevolod Belosevich, Zihan Wang, Yiping Wang, Kenji Watanabe, Takashi Taniguchi, David C Bell, Ziqiang Wang, Liang Fu, Yang Zhang, Xiaofeng Qian, Kenneth S Burch, Youguo Shi, Ni Ni, Guoqing Chang*, Su-Yang Xu*, Qiong Ma*. \u201cDual quantum spin Hall insulator by density-tuned correlations in TaIrTe4\u201d. <a href=\"https:\/\/www.nature.com\/articles\/s41586-024-07211-8\"><strong><em>Nature<\/em><\/strong> 628, 515-521 (2024).<\/a><\/li><li>Christian Tzschaschel*, Jian-Xiang Qiu, Xue-Jian Gao, Hou-Chen Li, Chunyu Guo, Hung-Yu Yang, Cheng-Ping Zhang, Ying-Ming Xie, Yu-Fei Liu, <u>Anyuan Gao<\/u>, Damien B\u00e9rub\u00e9, Thao Dinh, Sheng-Chin Ho, Yuqiang Fang, Fuqiang Huang, Johanna Nordlander, Qiong Ma, Fazel Tafti, Philip JW Moll, Kam Tuen Law, Su-Yang Xu*. \u201cNonlinear optical diode effect in a magnetic Weyl semimetal\u201d. <a href=\"https:\/\/www.nature.com\/articles\/s41467-024-47291-8\"><strong><em>Nature Communications <\/em><\/strong>15, 3017 (2024).<\/a><\/li><\/ol>\n\n\n\n<div class=\"wp-block-group\"><div class=\"wp-block-group__inner-container is-layout-flow wp-block-group-is-layout-flow\">\n<h2 class=\"has-text-align-center wp-block-heading\"><strong><span style=\"color:#0d00ff\" class=\"has-inline-color\">2023<\/span><\/strong><\/h2>\n<\/div><\/div>\n\n\n\n<ol class=\"wp-block-list\"><li><u><strong>Anyuan Gao<\/strong><\/u>, Yu-Fei Liu, Jian-Xiang Qiu, Barun Ghosh, Tha\u00eds V. Trevisan, Yugo Onishi, Chaowei Hu, Tiema Qian, Hung-Ju Tien, Shao-Wen Chen, Mengqi Huang, Damien B\u00e9rub\u00e9, Houchen Li, Christian Tzschaschel, Thao Dinh, Zhe Sun, Sheng-Chin Ho, Shang-Wei Lien, Bahadur Singh, Kenji Watanabe, Takashi Taniguchi, David C Bell, Hsin Lin, Tay-Rong Chang, Chunhui Rita Du, Arun Bansil, Liang Fu, Ni Ni, Peter P Orth, Qiong Ma, Su-Yang Xu, \u201cQuantum metric nonlinear Hall effect in a topological antiferromagnetic heterostructure\u201d. <a href=\"https:\/\/www.science.org\/doi\/10.1126\/science.adf1506\"><strong><em>Science <\/em><\/strong>381, 181-186 (2023).<\/a><\/li><li>Jian-Xiang Qiu, Christian Tzschaschel, Junyeong Ahn, <u>Anyuan Gao<\/u>, Houchen Li, Xin-Yue Zhang, Barun Ghosh, Chaowei Hu, Yu-Xuan Wang, Yu-Fei Liu, Damien B\u00e9rub\u00e9, Thao Dinh, Zhenhao Gong, Shang-Wei Lien, Sheng-Chin Ho, Bahadur Singh, Kenji Watanabe, Takashi Taniguchi, David Bell, Haizhou Lu, Arun Bansil, Hsin Lin, Tay-Rong Chang, Brian Zhou, Qiong Ma, Ashvin Vishwanath, Ni Ni* &amp; Su-Yang Xu*. \u201cAxion optical induction of antiferromagnetic order\u201d. <a href=\"https:\/\/www.nature.com\/articles\/s41563-023-01493-5\"><strong><em>Nature Materials<\/em><\/strong> 22, 583\u2013590 (2023).<\/a><\/li><li>Zhiren Zheng, Xueqiao Wang, Ziyan Zhu, Stephen Carr, Trithep Devakul, Sergio de la Barrera, Nisarga Paul, Zumeng Huang, <u>Anyuan Gao<\/u>, Yang Zhang, Damien B\u00e9rub\u00e9, Kathryn Natasha Evancho, Kenji Watanabe, Takashi Taniguchi, Liang Fu, Yao Wang, Su-Yang Xu, Efthimios Kaxiras, Pablo Jarillo-Herrero, Qiong Ma. \u201cElectronic ratchet effect in a Moir\u00e9 system: signatures of excitonic ferroelectricity\u201d. <a href=\"2306.03922 (2023).\"><strong><em>arXiv:<\/em><\/strong> 2306.03922 (2023).<\/a><\/li><\/ol>\n\n\n\n<h2 class=\"has-text-align-center wp-block-heading\"><strong><span style=\"color:#0d00ff\" class=\"has-inline-color\">2022<\/span><\/strong><\/h2>\n\n\n\n<ol class=\"wp-block-list\"><li>Zhiyi Zhang\u2020, Bin Cheng\u2020, Jeremy Lim\u2020, <u>Anyuan Gao<\/u>\u2020, Lingyuan Lyu, Tianju Cao, Shuang Wang, Zhu-An Li, Qingyun Wu, L. K. Ang, Yee Sin Ang*, Shi-Jun Liang*, Feng Miao*. \u201cApproaching intrinsic threshold breakdown voltage and ultra-high gain in graphite\/InSe Schottky photodetector\u201d. <a href=\"https:\/\/onlinelibrary.wiley.com\/doi\/abs\/10.1002\/adma.202206196\"><strong><em>Advanced Materials<\/em><\/strong> 2206196 (2022).<\/a> (\u2020 Contribution equally)<\/li><li>Guangxu Su, <u>Anyuan Gao<\/u>, Bo Peng, Junzheng Hu, Yi Zhang*, Fanxin Liu*, Hao Zhang*, Peng Zhan*, Wei Wu \u201cObservation of in-plane exciton\u2013polaritons in monolayer WSe<sub>2<\/sub> driven by plasmonic nanofingers\u201d. <a href=\"https:\/\/www.degruyter.com\/document\/doi\/10.1515\/nanoph-2022-0201\/html\"><strong><em>Nanophotonics <\/em><\/strong>11, 3149-3157 (2022).<\/a><\/li><\/ol>\n\n\n\n<h2 class=\"has-text-align-center wp-block-heading\"><strong><span style=\"color:#0d00ff\" class=\"has-inline-color\">2021<\/span><\/strong><\/h2>\n\n\n\n<ol class=\"wp-block-list\"><li><strong><u>Anyuan Gao<\/u>,<\/strong> Yu-Fei Liu, Chaowei Hu, Jian-Xiang Qiu, Christian Tzschaschel, Barun Ghosh, Sheng-Chin Ho, Damien B\u00e9rub\u00e9, Rui Chen, Haipeng Sun, Zhaowei Zhang, Xin-Yue Zhang, Yu-Xuan Wang, Naizhou Wang, Zumeng Huang, Claudia Felser, Amit Agarwal, Thomas Ding, Hung-Ju Tien, Austin Akey, Jules Gardener, Bahadur Singh, Kenji Watanabe, Takashi Taniguchi, Kenneth S Burch, David C Bell, Brian B Zhou, Weibo Gao, Hai-Zhou Lu, Arun Bansil, Hsin Lin, Tay-Rong Chang, Liang Fu, Qiong Ma, Ni Ni* &amp; Su-Yang Xu*. \u201cLayer Hall effect in a 2D topological axion antiferromagnet\u201d. <a href=\"https:\/\/www.nature.com\/articles\/s41586-021-03679-w\"><strong><em>Nature<\/em> <\/strong>595, 21\u2013525 (2021).<\/a><\/li><li>Chaowei Hu, <u>Anyuan Gao<\/u>, Bryan Stephen Berggren, Hong Li, Rafa\u0142 Kurleto, Dushyant Narayan, Ilija Zeljkovic, Dan Dessau, Suyang Xu, Ni Ni*. \u201cGrowth, characterization, and Chern insulator state in MnBi<sub>2<\/sub>Te<sub>4<\/sub> via the chemical vapor transport method\u201d. <a href=\"https:\/\/journals.aps.org\/prmaterials\/abstract\/10.1103\/PhysRevMaterials.5.124206\"><strong><em>Physical Review Materials<\/em><\/strong> 5, 124206 (2021).<\/a><\/li><li>Shuang Wang, Chen-Yu Wang, Pengfei Wang, Cong Wang, Zhu-An Li, Chen Pan, Yitong Dai, <u>Anyuan Gao<\/u>, Chuan Liu, Jian Liu, Huafeng Yang, Xiaowei Liu, Bin Cheng, Kunji Chen, Zhenlin Wang, Kenji Watanabe, Takashi Taniguchi, Shi-Jun Liang*, Feng Miao*. \u201cNetworking retinomorphic sensor with memristive crossbar for brain-inspired visual perception\u201d. <a href=\"https:\/\/academic.oup.com\/nsr\/article\/8\/2\/nwaa172\/5876368\"><strong><em>National Science Review<\/em><\/strong> 8, nwaa172 (2021).<\/a><\/li><\/ol>\n\n\n\n<h2 class=\"has-text-align-center wp-block-heading\"><strong><span style=\"color:#0d00ff\" class=\"has-inline-color\">2020<\/span><\/strong><\/h2>\n\n\n\n<ol class=\"wp-block-list\"><li>Lingfei Li, Lei Shao, Xiaowei Liu, <u>Anyuan Gao<\/u>, Hao Wang, Binjie Zheng, Guozhi Hou, Khurram Shehzad, Linwei Yu, Feng Miao, Yi Shi, Yang Xu*, Xiaomu Wang*. \u201cRoom-temperature valleytronic transistor\u201d. <a href=\"https:\/\/www.nature.com\/articles\/s41565-020-0727-0\"><strong><em>Nature Nanotechnology<\/em><\/strong> 15, 743\u2013749 (2020).<\/a><\/li><li>Chen Pan, Chen-Yu Wang, Shi-Jun Liang*, Yu Wang, Tianjun Cao, Pengfei Wang, Cong Wang, Shuang Wang, Bin Cheng, <u>Anyuan Gao<\/u>, Erfu Liu, Kenji Watanabe, Takashi Taniguchi, Feng Miao*. \u201cReconfigurable logic and neuromorphic circuits based on electrically tunable two-dimensional homojunctions\u201d. <a href=\"https:\/\/www.nature.com\/articles\/s41928-020-0433-9\"><strong><em>Nature Electronics<\/em><\/strong>&nbsp;3, 383\u2013390 (2020).<\/a><\/li><li>Chen-Yu Wang\u2020, Shi-Jun Liang\u2020, Shuang Wang, Pengfei Wang, Zhu\u2019an Li, Zhongrui Wang, <u>Anyuan Gao<\/u>, Chen Pan, Chuan Liu, Jian Liu, Huafeng Yang, Xiaowei Liu, Wenhao Song, Cong Wang, Bin Cheng, Xiaomu Wang, Kunji Chen, Zhenlin Wang, Kenji Watanabe, Takashi Taniguchi, J Joshua Yang*, Feng Miao*. \u201cGate-tunable van der Waals heterostructure for reconfigurable neural network vision sensor\u201d. <a href=\"https:\/\/www.science.org\/doi\/full\/10.1126\/sciadv.aba6173\"><strong><em>Science Advances <\/em><\/strong>6, eaba6173 (2020).<\/a><\/li><li>Siqing Zhang, Yan Liu*, Jiuren Zhou, Meng Ma, <u>Anyuan Gao<\/u>, Binjie Zheng, Lingfei Li, Xin Su, Genquan Han, Jincheng Zhang, Yi Shi, Xiaomu Wang*, Yue Hao. \u201cLow Voltage Operating 2D MoS<sub>2<\/sub>&nbsp;Ferroelectric Memory Transistor with Hf<sub>1-x<\/sub>Zr<sub>x<\/sub>O<sub>2<\/sub>&nbsp;Gate Structure\u201d. <a href=\"https:\/\/link.springer.com\/article\/10.1186\/s11671-020-03384-z\"><strong><em>Nanoscale Research Letters<\/em><\/strong> 15, 1-9 (2020).<\/a><\/li><li>Song Hao, Shengnan Yan, Yang Wang, Tao Xu, Hui Zhang, Xin Cong, Lingfei Li, Xiaowei Liu, Tianjun Cao, <u>Anyuan Gao<\/u>, Lili Zhang, Lanxin Jia, Mingsheng Long, Weida Hu, Xiaomu Wang, Pingheng Tan, Litao Sun, Xinyi Cui, Shi-Jun Liang*, Feng Miao*. \u201cEdge-Epitaxial Growth of InSe Nanowires toward High-Performance Photodetectors\u201d. <a href=\"https:\/\/onlinelibrary.wiley.com\/doi\/abs\/10.1002\/smll.201905902\"><strong><em>Small <\/em><\/strong>16, 1905902 (2020).<\/a><\/li><\/ol>\n\n\n\n<h2 class=\"has-text-align-center wp-block-heading\"><strong><span style=\"color:#0d00ff\" class=\"has-inline-color\">2019<\/span><\/strong><\/h2>\n\n\n\n<ol class=\"wp-block-list\"><li><strong><u>Anyuan Gao<\/u><\/strong>, Jiawei Lai, Yaojia Wang, Zhen Zhu, Junwen Zeng, Geliang Yu, Naizhou Wang, Wenchao Chen, Tianjun Cao, Weida Hu, Dong Sun, Xianhui Chen, Feng Miao*, Yi Shi* &amp; Xiaomu Wang*.&nbsp; \u201cDirect observation of ballistic avalanche phenomena in nanoscale vertical InSe\/BP heterostructures\u201d. <a href=\"https:\/\/www.nature.com\/articles\/s41565-018-0348-z\"><strong><em>Nature Nanotechnology<\/em><\/strong> 14, 217-222 (2019).<\/a><\/li><li><strong><u>Anyuan Gao<\/u><\/strong>, Zhiyi Zhang, Lingfei Li, Binjie Zheng, Chenyu Wang, Yaojia Wang, Tianjun Cao, Yu Wang, Shi-Jun Liang, Feng Miao*, Yi Shi* &amp; Xiaomu Wang*. \u201cRobust Impact-Ionization Field-Effect Transistor Based on Nanoscale Vertical Graphene\/Black Phosphorus\/Indium Selenide Heterostructures&#8221;. <a href=\"https:\/\/pubs.acs.org\/doi\/abs\/10.1021\/acsnano.9b06140\"><strong><em>ACS nano <\/em><\/strong>14, 434-441 (2020).<\/a><\/li><li>Lingfei Li, Wei Liu, <u>Anyuan Gao<\/u>, Yaolong Zhao, Qin Lu, Li Yu, Junzhuan Wang, Linwei Yu, Lei Shao, Feng Miao, Yi Shi, Yang Xu*, Xiaomu Wang*. \u201cPlasmon Excited Ultrahot Carriers and Negative Differential Photoresponse in a vertical Graphene van der Waals Heterostructure\u201d. <a href=\"https:\/\/pubs.acs.org\/doi\/abs\/10.1021\/acs.nanolett.9b00908\"><strong><em>Nano Letters <\/em><\/strong>19,&nbsp;3295\u20133304 (2019).<\/a><\/li><\/ol>\n\n\n\n<h2 class=\"has-text-align-center wp-block-heading\"><strong><span style=\"color:#0d00ff\" class=\"has-inline-color\">Before 2019<\/span><\/strong><\/h2>\n\n\n\n<ol class=\"wp-block-list\"><li>Li Yu, Zhen Zhu, <u>Anyuan Gao<\/u>, Junzhuan Wang, Feng Miao, Yi Shi, Xiaomu Wang*. \u201cElectrically tunable optical properties of few-layer black arsenic phosphorus\u201d. <a href=\"https:\/\/iopscience.iop.org\/article\/10.1088\/1361-6528\/aae05f\/meta\"><strong><em>Nanotechnology<\/em><\/strong> 29, 484001 (2018).<\/a><\/li><li>Junwen Zeng, Shi-Jun Liang, <u>Anyuan Gao<\/u>, Yu Wang, Chen Pan, Chenchen Wu, Erfu Liu, Lili Zhang, Tianjun Cao, Xiaowei Liu, Yajun Fu, Yiping Wang, Kenji Watanabe, Takashi Taniguchi, Haizhou Lu, Feng Miao*. \u201cGate-tunable weak antilocalization in a few-layer InSe\u201d. <a href=\"https:\/\/journals.aps.org\/prb\/abstract\/10.1103\/PhysRevB.98.125414\"><strong><em>Physical Review B<\/em><\/strong> 98, 125414 (2018).<\/a><\/li><li>Yu Wang, Erfu Liu, <u>Anyuan Gao<\/u>, Tianjun Cao, Mingsheng Long, Chen Pan, Lili Zhang, Junwen Zeng, Chenyu Wang, Weida Hu, Shi-Jun Liang*, Feng Miao*. \u201cNegative photoconductance in van der Waals heterostructures-based floating gate phototransistor\u201d. <a href=\"https:\/\/pubs.acs.org\/doi\/abs\/10.1021\/acsnano.8b04885\"><strong><em>ACS Nano<\/em><\/strong> 12, 9513-9520 (2018).<\/a><\/li><li>Chen Pan, Yajun Fu, Jiaxin Wang, Junwen Zeng, Guangxu Su, Mingsheng Long, Erfu Liu, Chenyu Wang, <u>Anyuan Gao<\/u>, Miao Wang, Yu Wang, Zhenlin Wang, Shi\u2010Jun Liang*, Ru Huang, Feng Miao*. \u201cAnalog Circuit Applications Based on Ambipolar Graphene\/MoTe<sub>2<\/sub> Vertical Transistors\u201d. <a href=\"https:\/\/onlinelibrary.wiley.com\/doi\/abs\/10.1002\/aelm.201700662\"><strong><em>Advanced Electronic Materials<\/em><\/strong> 4, 1700662 (2018).<\/a><\/li><li>Yajun Fu, Erfu Liu, Hongtao Yuan*, Peizhe Tang, Biao Lian, Gang Xu, Junwen Zeng, Zhuoyu Chen, Yaojia Wang, Wei Zhou, Kang Xu, <u>Anyuan Gao<\/u>, Chen Pan, Miao Wang, Baigeng Wang*, Shoucheng Zhang, Yi Cui, Harold Hwang, Feng Miao*. \u201cGated tuned superconductivity and phonon softening in monolayer and bilayer MoS<sub>2<\/sub>\u201d. <a href=\"https:\/\/www.nature.com\/articles\/s41535-017-0056-1\"><strong><em>npj Quantum Materials<\/em><\/strong> 1, 52 (2017).<\/a><\/li><li>Yajun Fu, Mingsheng Long, <u>Anyuan Gao<\/u>, Yu Wang, Chen Pan, Xiaowei Liu, Junwen Zeng, Kang Xu, Lili Zhang, Erfu Liu, Weida Hu, Xiaomu Wang, Feng Miao*. \u201cIntrinsic p-type W-based transition metal dichalcogenide by substitutional Ta-doping\u201d. <a href=\"https:\/\/pubs.aip.org\/aip\/apl\/article-abstract\/111\/4\/043502\/34948\/Intrinsic-p-type-W-based-transition-metal?redirectedFrom=fulltext\"><strong><em>Applied Physics Letters<\/em><\/strong> 111, 043502 (2017).<\/a><\/li><li>Mingsheng. Long\u2020, <u>Anyuan Gao<\/u>\u2020, Peng Wang, Hui Xia, Claudia Ott, Chen Pan, Yajun Fu, Erfu Liu, Xiaoshuang Chen, Wei Lu, Tom Nilges, Jianbin Xu, Xiaomu Wang*, Weida Hu*, Feng Miao*. \u201cRoom temperature high-detectivity mid-infrared photodetectors based on black arsenic phosphorus\u201d. <a href=\"https:\/\/www.science.org\/doi\/abs\/10.1126\/sciadv.1700589\"><strong><em>Science Advances<\/em><\/strong> 3, e1700598 (2017).<\/a> (\u2020 Contribution equally)<\/li><li><u>Anyuan Gao<\/u>\u2020, Erfu Liu\u2020, Mingsheng Long, Wei Zhou, Yiyan Wang, Tianlong Xia, Weida Hu, Baigeng Wang, Feng Miao*. \u201cGate-tunable rectification inversion and photovoltaic detection in Graphene\/WSe<sub>2<\/sub> heterostructures\u201d. <a href=\"https:\/\/pubs.aip.org\/aip\/apl\/article-abstract\/108\/22\/223501\/30523\/Gate-tunable-rectification-inversion-and?redirectedFrom=fulltext\"><strong><em>Applied Physics Letters<\/em> <\/strong>108, 223501 (2016).<\/a><\/li><li>Lili Zhang, Chenyu Wang, Xue-Lu Liu, Tao Xu, Mingsheng Long, Erfu Liu, Chen Pan, Guangxu Su, Junwen Zeng, Yajun Fu, Yiping Wang, Zhendong Yan, <u>Anyuan Gao<\/u>, Kang Xu, Ping-Heng Tan, Litao Sun, Zhenlin Wang, Xinyi Cui*, Feng Miao*. \u201cDamage-free and rapid transfer of CVD-grown two-dimensional transition metal dichalcogenides by dissolving sacrificial water-soluble layers\u201d. <a href=\"https:\/\/pubs.rsc.org\/en\/content\/articlelanding\/2017\/nr\/c7nr06928f\/unauth\"><strong><em>Nanoscale<\/em><\/strong> 9, 19124-19130 (2017).<\/a><\/li><li>Mingsheng Long, Erfu Liu, Peng Wang, <u>Anyuan Gao<\/u>, Hui Xia, Wei Luo, Baigeng Wang*, Junwen Zeng, Yajun Fu, Kang Xu, Wei Zhou, Yangyang Lv, Shuhua Yao, Minghui Lu, Yanfeng Chen, Zhenhua Ni, Yumeng You, Xueao Zhang, Shiqiao Qin, Yi Shi, Weida Hu*, Dingyu Xing, Feng Miao*. \u201c<a>Broadband photovoltaic<\/a> detectors based on an atomically thin heterostructure.\u201d <a href=\"https:\/\/pubs.acs.org\/doi\/abs\/10.1021\/acs.nanolett.5b04538\"><strong><em>Nano Letters<\/em><\/strong> 16, 2254-2259 (2016).<\/a><\/li><li><u>Anyuan Gao<\/u>, Yue-Lin Liu*, Zhen-Hong Dai, Chen Duan. \u201cElucidating hydrogen assisting vacancy formation in metals: Mo and Nb as examples\u201d. <a href=\"https:\/\/link.springer.com\/article\/10.1140\/epjb\/e2013-40552-x\"><strong><em>The European Physical Journal B<\/em><\/strong> 86, 1-8 (2013).<\/a><\/li><li>Yue-Lin Liu*, Wei Lu, <u>An-Yuan Gao<\/u>, Li-Jiang Gui, Ying Zhang. \u201cFirst-principles investigation of diffusion behaviours of H isotopes: From W (110) surface into bulk and in bulk W\u201d. <a href=\"https:\/\/iopscience.iop.org\/article\/10.1088\/1674-1056\/21\/12\/126103\/meta\"><strong><em>Chinese Physics B<\/em><\/strong> 21, 126103 (2012).<\/a><\/li><li>Wei Lu, <u>An-Yuan Gao<\/u>, Yue-Lin Liu*, Zhen-Hong Dai. \u201cDiffusion behaviors of hydrogen isotopes in niobium from first-principles\u201d. <a href=\"https:\/\/link.springer.com\/article\/10.1007\/s11433-012-4933-0\"><strong><em>Science China Physics, Mechanics and Astronomy<\/em><\/strong> 55, 2375-2382 (2012).<\/a><\/li><li>Yue-Lin Liu*, <u>An-Yuan Gao<\/u>, Wei Lu, Hong-Bo Zhou, Ying Zhang. \u201cOptimal electron density mechanism for hydrogen on the surface and at a vacancy in tungsten\u201d. <a href=\"https:\/\/iopscience.iop.org\/article\/10.1088\/0256-307X\/29\/7\/077101\/meta\"><strong><em>Chinese Physics Letters<\/em><\/strong> 29, 077101 (2012)<\/a>.<\/li><\/ol>\n\n\n\n<p><\/p>\n","protected":false},"excerpt":{"rendered":"<p>See&nbsp;Google Scholar&nbsp;for the full publication list. 2025 Anyuan Gao, Naoto Nagaosa, Ni Ni, Su-Yang Xu. \u201cQuantum Geometry Phenomena in Condensed Matter Systems\u201d. http:\/\/arxiv.org\/abs\/2508.00469 (2025). Albin Marffy, Endre Tovari, Yu-Fei Liu, Anyuan Gao, Tianye Huang, Laszlo Oroszlany, Kenji Watanabe, Takashi Taniguchi, &hellip; <a href=\"https:\/\/web.tdli.sjtu.edu.cn\/anyuangao\/publications\/\">Continue reading <span class=\"meta-nav\">&rarr;<\/span><\/a><\/p>\n","protected":false},"author":27,"featured_media":0,"parent":0,"menu_order":0,"comment_status":"closed","ping_status":"closed","template":"","meta":{"footnotes":""},"class_list":["post-206","page","type-page","status-publish","hentry"],"_links":{"self":[{"href":"https:\/\/web.tdli.sjtu.edu.cn\/anyuangao\/wp-json\/wp\/v2\/pages\/206","targetHints":{"allow":["GET"]}}],"collection":[{"href":"https:\/\/web.tdli.sjtu.edu.cn\/anyuangao\/wp-json\/wp\/v2\/pages"}],"about":[{"href":"https:\/\/web.tdli.sjtu.edu.cn\/anyuangao\/wp-json\/wp\/v2\/types\/page"}],"author":[{"embeddable":true,"href":"https:\/\/web.tdli.sjtu.edu.cn\/anyuangao\/wp-json\/wp\/v2\/users\/27"}],"replies":[{"embeddable":true,"href":"https:\/\/web.tdli.sjtu.edu.cn\/anyuangao\/wp-json\/wp\/v2\/comments?post=206"}],"version-history":[{"count":2,"href":"https:\/\/web.tdli.sjtu.edu.cn\/anyuangao\/wp-json\/wp\/v2\/pages\/206\/revisions"}],"predecessor-version":[{"id":208,"href":"https:\/\/web.tdli.sjtu.edu.cn\/anyuangao\/wp-json\/wp\/v2\/pages\/206\/revisions\/208"}],"wp:attachment":[{"href":"https:\/\/web.tdli.sjtu.edu.cn\/anyuangao\/wp-json\/wp\/v2\/media?parent=206"}],"curies":[{"name":"wp","href":"https:\/\/api.w.org\/{rel}","templated":true}]}}